5 + -4 + -22 + 38 - (15 + 6).
-34
What is -30 + (2 - -51) - 55?
-32
-7 + -5 - ((-12 - -8 - 2) + 4)
-10
Evaluate -105 + 92 + 108 + -57.
38
What is the value of -17 - (-84 - -68 - 22)?
21
What is the value of -79 - (-44 + (101 - 91))?
-45
Calculate -22 - (-5 - ((7 - 8) + 56)).
38
Evaluate -947 + 970 + (-1 - 79) - (25 - 1).
-81
What is the value of -556 - -477 - ((-19 - -23) + (0 - 18))?
-65
Evaluate -1 + -2 + -4 - (22 - (-29 + 56)).
-2
Calculate -9 + 3 + 5 + -3 + (16 - 38) + 11.
-15
Calculate (-4 - -1 - (-61 + 23)) + -105 + 92.
22
What is the value of (17 - 12) + (0 - 33) + (1 - 4 - -4)?
-27
Evaluate -20 + 14 - ((27 - 33) + (75 - 0)).
-75
What is (-46 + -16 + 27 + 15 - 38) + 4 + 0?
-54
What is the value of 63 + 8 - (-195 + 209)?
57
14 + (-90 - -81) + 9 + 0 - -8
22
Calculate (6 + 74 - 91) + (1 - 0) + 78.
68
What is 6 + -1 + 6 + -23 + (7 - -59)?
54
What is the value of 0 - (-1 - -39) - (10 - (27 + -11))?
-32
Calculate 15 + -13 + 15 - -31.
48
Calculate 246301 - 246230 - (22 - ((1 - 0) + 0)).
50
(-10 - ((20 - -4) + -10)) + -50 + 63
-11
Evaluate (-7 - -2) + (-29 - ((35 - 20) + -63)).
14
What is the value of (1 + (0 - 12) - 3) + -5?
-19
What is the value of (-105 + 191 - 97) + (2 - 1 - -46)?
36
What is -1 + -18 - (113 - 114) - -28 - (-6 - -94)?
-78
-109 - (6 - -12 - (-25 + 19 - -8))
-125
What is the value of -16 + -7 + 19 + (-24 + 26 - (-1 + 5))?
-6
0 + -2 + -16 + 18 + 4
4
What is (1 + -35 - (-286 - -256)) + 12 + -1 - 48?
-41
-75 + (-72 + 114 - -32)
-1
What is the value of 40 - 46 - (1 - (-7 + 2 + 48) - -1)?
35
What is the value of 15 - 58 - (7 - 29)?
-21
2 + 4 + (43 - (68 - 29))
10
Evaluate 12 + (-9 - -43) - 17.
29
Calculate (-9 - (58 - 2 - 8)) + 4 + -3.
-56
What is the value of (-581 - -572) + (66 - 2 - 2) - 6?
47
-6 + 22 + -15 + -6 + (3 - 64)
-66
212 + -117 + -96 + (1 + 0 - 31 - 2)
-33
What is the value of 4 + (231 - 211 - (3 + -3 - 11))?
35
What is (-4 - 15) + -87 + (82 - 32)?
-56
Evaluate -22 - (-15 - (26 + -2 - 81)).
-64
Calculate -18 + -23 + -20 + (-2 + 0 - (109 + -111)).
-61
What is the value of -3 - (-12 + 10 - -2) - (-13 - -15)?
-5
What is -22 + 45 + (-14 - (-1 + -2) - 4)?
8
What is the value of -104 + (-79 - -141) + -4?
-46
Evaluate 12 + 0 + (-26 - -16).
2
Calculate (8 - 22) + (2 - (8 + 12)) + 9.
-23
What is (2 + -5 - 5) + 33 + (14 - 14)?
25
What is (0 - -1) + 37 + (-27 - 11) + -10?
-10
-3 + -6 + (-1 - 16 - (109 + (-46 - 43)))
-46
Calculate (10 - -7) + (41 - (23 + -12 - 6)).
53
Calculate -2404 + 2536 + -1 + -98.
33
What is (-57 + 41 - (5 + -9)) + (6 + -14 - -5)?
-15
Evaluate -18 - (((-29 - -14) + 2 - -35) + -8).
-32
Evaluate -2 + (0 - (5 - 15)) + -3 + (1 - -8).
14
What is the value of (2 + 2 - 1) + (998 - 984 - (30 - 0))?
-13
What is -6 + 4 + (-36 - -24 - 3) - -30?
13
What is (-162 - (129 + -262)) + 0 + -24?
-53
(11 - 45 - -7) + 32
5
What is 174 + -55 + 2 - (34 - 2)?
89
Calculate 9 + 0 + 1 + -902 + 896 - 38.
-34
Evaluate -118 + 108 - (-2 + -22 + (1 - 5)).
18
Evaluate -4795 + 4766 - (-64 + 1).
34
-5 + (-184 - (85 - 166)) + (9 + -1 - 1)
-101
What is the value of 24 - (18 - 18 - -7 - 21)?
38
Calculate -44 - (2 + -1 + ((18 - -7) + -58 - -19)).
-31
What is the value of -28 + 34 - (8 + -1 + 72 + -16)?
-57
-58 + 7 - (15 + (-15 - 7))
-44
What is (-118 - -1) + (-1 + 5 - (3 - (2 + -2)))?
-116
-48 + 6 + (6 - 16) + (-9 - -13) + 0
-48
Evaluate 109 - (188 - 137 - (-8 + 44 + -10)).
84
Evaluate -142 - ((-24 - -119) + -41 - 45).
-151
Calculate (15 - (1 - -1 - -2)) + (2 - (73 - 1)).
-59
Calculate (1 - -10 - (29 - 31)) + 27 + (0 - -75).
115
What is the value of -42 + (-12 - 1) + (32 + -21 - (-2 - -10))?
-52
Calculate (2 - (-1 - 3)) + -3 - (-33 + 5 + 35).
-4
29 + 14 + (5 - (7 - -11)) - 1
29
(11 + 5 - 8) + -23 + -3 + (7 - 2)
-13
What is the value of 9 + 7 + (-30 - -30) - -16?
32
What is the value of -82 + -7 - -51 - -15?
-23
What is (89 - 0 - (-84 - -65)) + -25?
83
Evaluate (-100 - 11) + (11 - -3) + -22 - -13.
-106
What is 8 + (-57 - 5) + 25 + -12?
-41
What is -10 - (-22 - -20) - (-15 - -39) - 13?
-45
Evaluate (-62 - (143 + -189)) + 121 + 0 + 6 + -1.
110
What is the value of 31 + -115 + (-42 - 2) + 83?
-45
-133 - (-49 + 17 + -53)
-48
Evaluate -9 - 22 - (145 + -149).
-27
Calculate 16 + -17 + -17 + (4 + -6 - -3) + -6.
-23
Evaluate 46 + 0 - (117 - (252 - 134)).
47
(0 + 4 - 67) + (-56 - -53)
-66
Calculate -8167 - -8202 - ((-11 - 0) + 3).
43
Evaluate (-70 - -65) + 0 + 63 - (25 + -4).
37
(-24 - (-16 - (9 + -14))) + (120 - 22) + -16
69
Calculate 47 - -1 - (-167 + 249).
-34
Evaluate 233 + -213 + (2 - (-5 - 5)).
32
Calculate 32 + -42 + (-65 - -9 - (7 - -2)).
-75
What is (-9 + 17 - 6) + (24 - 164)?
-138
What is the value of -32 + (4 - (1 - 12 - (5 + -18)))?
-30
Calculate -13 + (-33 + 0 - 1).
-47
Evaluate -59 - (95 + -111 + 18).
-61
(35 - 3 - -10 - 9) + 19 + -10
42
What is ((3 - 3) + 6 - -1) + 26 + 34 + -53?
14
Evaluate 49 + (-10 - 19) + 1.
21
What is the value of 3526 - 3458 - (-3 + 18)?
53
Calculate 1 + 31 + 0 + 50 + -826 + 786.
42
Calculate (-63 - (6 - 2)) + 53.
-14
Evaluate -23 + (7 - (-5 + (-12 - -12))) - (59 - 6).
-64
What is (7 + -5 - 6 - (-16 - -10)) + -1 - 109?
-108
What is -5 + (27 - 35) + -1 + 0 + (278 - 241)?
23
Calculate -14 + -25 + 36 + 0 + 67 + -2 + 5.
67
What is 15 + (9 - -7) - 17?
14
12 + ((-15 - -9) + -63 + -4 - -10)
-51
What is 1 - (3 + 3) - (-20 + 7) - -6?
14
Evaluate 65 + -137 - ((12 - (-2 - -4)) + 4).
-86
Evaluate 50 + -20 - (-61 - -17).
74
0 - (3 + 6) - ((7 - 9) + 9)
-16
Calculate 6 - (17 + -5) - 18 - -24.
0
-18347 - -18364 - (3 + 1 + (4 - 2))
11
Evaluate -55 + -7 - ((12 - (-19 + 17)) + -15).
-61
What is -26 + -2 + -5 + 17 + (-18 - -8)?
-26
Evaluate 13 - 5 - (23 - (8 + -15)).
-22
What is the value of 12 + -11 + 16 - (7 + 27)?
-17
What is the value of -80 + (146 - 36) - 86?
-56
What is the value of -2 + -46 + (34 - -9)?
-5
Calculate -5 + -35 + 69 - -12.
41
Calculate (-81 - (-6 - 12)) + (1 + 11 - -3).
-48
What is the value of 5 + -9 + (4 + -87 - (332 - 316))?
-103
What is -1 + 0 + 13 - (-15 + 95 - (-7 + 25))?
-50
What is -4085 + 4183 - (3 + 2 + 16)?
77
What is -16 - ((-31 - -12) + -10) - 25?
-12
-24 + 154 + -11 + 11 + 15 - -5
150
What is the value of -2 + -37 + (-26 + 25 - 6)?
-46
Calculate (-2 - (3 + -10)) + 10 + -19 + 31.
27
What is 65 - ((-2 - -2 - (34 - 42)) + 5)?
52
18 + (13 + -2 - ((-40 - -18) + 20))
31
Evaluate 2 + -3 - -107 - (-66 + -28 + 115).
85
Evaluate (-15 + -5 - -37) + -21 + -4.
-8
Evaluate -7 + -71 + 49 + 27 + (40 - 0).
38
Evaluate 2932 - 2921 - (0 + 0 + -4) - -84.
99
5 + -20 + (-35 - -30 - -29)
9
What is -17 + -315 + 324 + -24 + 2?
-30
Evaluate (-135 - -203) + -82 - (-67 - -1).
52
What is -24 + 22 - (-52 + 25)?
25
Calculate (14 - 1) + (-1 - -5) - (40 - 46).
23
186 + -192 - (-11 + 0) - 41
-36
Calculate 408 + -388 - (-6 + 2 + (8 - 3) - -3).
16
Calculate 24 - (5 + 52 + -15).
-18
What is -3 + -1 + (1 - (-51 - -1) - (-3161 + 3154))?
54
13 - (-31 - 3 - (28 + -2 + -11))
62
Calculate -5 - (31 - (-13 - -25)).
-24
1 + (-12 + 1 - (22 + -19)) - -12
-1
What is (80 + -74 + 29 + -3 - -29) + -1 + 1?
61
What is the value of -9 + (71 - (-5 - -11)) + (-51 - -41)?
46
Calculate -185 + 96 + 58 + (71 - -2).
42
What is 9 + 4 + 9 + -6 + -10 + 73 - -11?
90
What is 9 - 12 - (0 + (-3 + -1 - 15) - -5)?
11
What is (35 - (29 + -31 + 26)) + 30?
41
Evaluate -43 + 106 - (-92 + 95).
60
-37 + -27 + (-22 - -127)
41
What is -4 - (3 + (-22 - -6) + 14)?
-5
What is 11 - 17 - 98 - (2 + -1)?
-105
(86 + -38 - 35) + -41
-28
Evaluate 29 + 20 - 12 - 19.
18
(15 - -4 - (-85 + 88)) + -11 + -6
-1
(-3 - -39) + (910 - 984)
-38
-6 + 14 - (-11 - -4) - (-7 - 37 - 36)
95
What is the value of 24 - (48 + (-19 - -17) + 15)?
-37
Evaluate -79 + (9 - -2 - (-236 + 243)).
-75
Evaluate 41 + -23 - (69 - 40).
-11
Calculate -92 - (-40 + 53 + -49).
-56
Calculate (-13 - 63) + 37 - -72.
33
41 + (-10 - 66) + 21
-14
Calculate (60 + -30 - 16) + -12 - (-1 + 72).
-69
What is (17 - (32 + -82)) + -26?
41
What is 5 - (0 + 15 + 1 + (-12 - -1))?
0
Evaluate -2 + 0 + -4 + 1 - (-820 - -833).
-18
Calculate 2308 + -2300 + (1 - 2) + 17.
24
-39 - (-98 - (52 - 92))
19
What is -38 + (151 - (23 - -72))?
18
What is 126 + -260 + 141 + 96?
103
What is the value of 7 - ((107 - 54) + -60)?
14
Calculate -79 - -115 - (-5 + -1 - (17 - (-14 + 31))).
42
What is the value of 5 - (-1 + 14 + 3 + 65) - -4 - -13?
-59
Evaluate 2 - 18 - 